284
Calculate the greatest common factor of 681757 and 1648.
103
What is the highest common factor of 36224 and 1763090?
566
Calculate the highest common divisor of 9132 and 179586868.
3044
What is the greatest common factor of 265 and 4539330?
5
What is the highest common factor of 4433 and 12436611?
341
What is the highest common factor of 60 and 215586948?
12
What is the greatest common divisor of 90 and 39157650?
90
What is the greatest common divisor of 299505 and 14602695?
7305
Calculate the highest common factor of 1174244 and 731.
43
Calculate the highest common factor of 85 and 137226295.
85
Calculate the greatest common divisor of 24599 and 146183.
17
What is the greatest common factor of 5744314 and 16958?
278
Calculate the highest common factor of 230120 and 5515.
5
Calculate the highest common divisor of 578 and 2037994.
34
Calculate the highest common divisor of 1258 and 1933001286.
1258
Calculate the greatest common divisor of 1046 and 289048502.
1046
Calculate the highest common factor of 474 and 646932.
6
Calculate the greatest common factor of 870 and 85231870.
290
Calculate the highest common divisor of 301 and 1254267.
301
Calculate the highest common divisor of 1726820966 and 2522.
2522
What is the highest common divisor of 12627459 and 91?
13
Calculate the greatest common divisor of 1470 and 18188898.
294
What is the highest common factor of 1449773 and 13?
13
Calculate the highest common divisor of 75524 and 1852076.
316
Calculate the highest common divisor of 1039455411 and 123.
123
Calculate the highest common divisor of 930950 and 26413.
433
Calculate the highest common divisor of 297507 and 28.
7
What is the greatest common divisor of 9692 and 314516?
4
Calculate the highest common factor of 1310 and 1755269.
131
What is the highest common factor of 495397778 and 1682?
1682
Calculate the highest common divisor of 167167290 and 120.
30
What is the greatest common divisor of 133036 and 2279940?
316
What is the highest common factor of 1391 and 359671?
13
Calculate the greatest common factor of 120213808 and 132.
44
What is the highest common divisor of 481494 and 66?
6
Calculate the highest common divisor of 5777370 and 5060.
230
Calculate the greatest common factor of 11453 and 902144.
881
Calculate the greatest common divisor of 1857 and 20505.
3
Calculate the greatest common factor of 304536 and 9.
3
What is the highest common divisor of 4092 and 2224560?
372
What is the greatest common factor of 214820 and 15709?
23
Calculate the greatest common factor of 13462 and 1030478.
254
Calculate the greatest common divisor of 4 and 101311288.
4
Calculate the highest common factor of 134452022 and 124.
62
What is the greatest common factor of 1373988 and 168?
84
What is the highest common divisor of 126 and 1145207?
7
What is the highest common factor of 3404 and 474682694?
1702
What is the greatest common factor of 56149885 and 22?
11
Calculate the greatest common factor of 10656913 and 836988.
3671
What is the greatest common factor of 157374 and 94374?
126
What is the highest common factor of 13928 and 46936?
8
Calculate the highest common factor of 1920 and 776810.
10
Calculate the highest common factor of 13956 and 2606.
2
What is the greatest common factor of 14 and 12583347?
7
Calculate the highest common divisor of 170706 and 369978.
138
Calculate the greatest common factor of 34 and 1087778.
2
Calculate the greatest common factor of 305567 and 5332.
31
What is the highest common factor of 247872 and 6832?
16
What is the greatest common factor of 63328 and 8672?
32
Calculate the highest common factor of 8262 and 66967794.
306
What is the highest common factor of 23800 and 2199596?
476
What is the greatest common factor of 12865 and 462310?
415
What is the highest common divisor of 576 and 85865984?
64
Calculate the greatest common divisor of 14762946 and 2816.
22
Calculate the greatest common divisor of 12054 and 109662.
294
What is the highest common divisor of 1605957 and 381?
3
Calculate the highest common factor of 57290 and 32680.
10
What is the greatest common factor of 28972746 and 198?
198
What is the highest common divisor of 6032 and 438342424?
3016
Calculate the highest common divisor of 22302 and 1263654.
378
Calculate the greatest common divisor of 2509140 and 4750.
190
What is the highest common factor of 951629 and 3381?
49
What is the highest common factor of 200584320 and 128?
128
Calculate the highest common divisor of 19599382 and 77.
11
What is the highest common divisor of 221 and 14677273?
221
Calculate the highest common factor of 3273868 and 1352.
676
Calculate the greatest common factor of 534 and 138774.
6
What is the greatest common divisor of 20088 and 941288526?
5022
Calculate the highest common factor of 35026 and 2425094.
166
Calculate the greatest common factor of 48798 and 37194.
6
What is the greatest common factor of 31618965 and 2793?
147
Calculate the highest common divisor of 39 and 233714.
13
What is the highest common divisor of 248130994 and 38?
38
What is the greatest common divisor of 11446 and 939457?
59
Calculate the greatest common divisor of 16555 and 35036400.
1505
Calculate the greatest common factor of 1626913 and 304.
19
Calculate the greatest common factor of 8795910 and 1347.
1347
What is the highest common factor of 80010 and 111125?
4445
What is the greatest common divisor of 1078565 and 1?
1
What is the highest common divisor of 6125 and 219345?
35
Calculate the highest common factor of 2084930344 and 133.
133
Calculate the highest common factor of 6828 and 853797018.
3414
Calculate the greatest common factor of 630936 and 802332.
2484
Calculate the greatest common factor of 102 and 27264345.
51
What is the greatest common factor of 54 and 205178238?
54
What is the greatest common factor of 32 and 11899752?
8
Calculate the greatest common divisor of 14301095 and 1010.
505
What is the greatest common divisor of 19632 and 1031907?
1227
Calculate the greatest common factor of 3114170 and 1450730.
2390
What is the highest common factor of 691280 and 4320?
80
What is the highest common factor of 222540153 and 1416?
177
What is the greatest common divisor of 6408 and 141554856?
2136
Calculate the greatest common factor of 18890976 and 11232.
1248
What is the greatest common factor of 2765 and 2532845?
35
What is the highest common divisor of 9821560 and 19460?
140
What is the highest common factor of 237300 and 6468?
84
What is the highest common divisor of 477780 and 3270?
30
What is the highest common divisor of 15 and 463378605?
15
Calculate the greatest common factor of 4660050 and 353910.
1410
Calculate the greatest common factor of 3435570 and 1184130.
5310
Calculate the greatest common divisor of 49700485 and 11077.
1007
Calculate the highest common divisor of 45158494 and 170.
34
Calculate the highest common divisor of 55372493 and 11.
11
Calculate the greatest common divisor of 23868 and 137343.
51
What is the greatest common divisor of 3792 and 49321912?
632
Calculate the greatest common divisor of 3051 and 6261516.
27
What is the highest common factor of 56489381 and 91?
13
What is the highest common factor of 49901425 and 175?
175
Calculate the greatest common divisor of 3626 and 2741158.
98
What is the greatest common divisor of 175 and 5349505?
35
Calculate the greatest common factor of 629 and 6256306.
17
What is the highest common divisor of 5797 and 102799?
17
What is the greatest common divisor of 424434 and 29083?
127
What is the greatest common divisor of 568766 and 16064?
502
What is the highest common divisor of 869045 and 272080?
895
Calculate the greatest common factor of 134672 and 135223.
19
Calculate the greatest common factor of 25686 and 244440.
18
What is the highest common divisor of 170 and 21035885?
85
What is the greatest common factor of 16393524 and 8?
4
What is the highest common factor of 468022 and 50492?
1942
Calculate the greatest common divisor of 173665 and 171362.
47
Calculate the highest common divisor of 1615 and 70576355.
95
Calculate the greatest common factor of 17595702 and 198.
18
What is the greatest common factor of 31374189 and 99?
99
Calculate the greatest common divisor of 573419 and 5577.
11
What is the gr